factor of b and y.
1
Suppose 2*f + l - 3*l = -998, -5*f - l = 2513. Let g = f - -524. Calculate the highest common factor of g and 506.
22
Let m(v) = 3*v**3 + v**2 - 7*v + 7. Let x(i) = i**3 + 9*i**2 + 13*i - 5. Let f be x(-7). Let d be m(f). What is the highest common factor of d and 168?
21
Let q = 8 + -2. Let z be (-15)/(-4 - -9)*(-10)/q. Let x be z*7/((-105)/(-9)). Calculate the greatest common factor of x and 15.
3
Let v(z) = -z**3 - 5*z**2 - 2*z - 4. Let d be v(-5). Suppose 0 = -d*b + 242 + 94. Calculate the highest common factor of b and 7.
7
Let y be (3 - 8)/(-12 - (-497)/42). Let p be 2/(-1)*65/2. Let l = 145 - p. What is the highest common factor of y and l?
30
Suppose 0 = -6*j + 54 + 1404. Suppose 0 = d - 4*p - 104, 2*p - 326 = d - 4*d. What is the highest common divisor of d and j?
27
Let b(h) = -h**2 - 69*h + 831. Let c be b(10). Calculate the highest common factor of 9389 and c.
41
Suppose -21*t + 4*t + 21080 = 0. What is the highest common divisor of t and 120?
40
Let k be (1489088/1272)/((-16)/(-126)). Calculate the highest common divisor of k and 21.
21
Let t = -438 + 453. Suppose t = -23*h + 199. What is the highest common factor of h and 32?
8
Let u(i) = -20 + 0*i + i + 2*i + 8*i. Let v be u(3). Suppose 2*c - 53 - v = 0. What is the greatest common factor of c and 33?
33
Let w be ((-5)/(-1))/((-20)/(-24) + 0). Let t = -3 + 3. Suppose -w*g + 37 + 11 = t. Calculate the highest common factor of g and 24.
8
Let o(h) = h**3 - 45*h**2 - 42*h - 182. Let z be o(46). Suppose 4*a + 76 = z*l, 5*l - 3*l = -4*a + 68. What is the greatest common divisor of 99 and l?
9
Let k(a) = 117*a. Let v be k(1). Let z be 5/1*(-22)/(-55). Suppose n + 3*p + 0*p = 0, 27 = z*n - 3*p. What is the highest common factor of n and v?
9
Let c = 7777 - -3582. What is the greatest common divisor of 37 and c?
37
Suppose 4*y + 2*h = -3*h + 107, -5*h = 3*y - 89. What is the highest common factor of y and 29934?
18
Suppose -d + 27*d - 3672 = -d. Calculate the greatest common factor of 2176 and d.
136
Suppose -39*p = -58*p - 1121. Suppose -3*m - 224 = m. Let d = m - p. What is the highest common factor of d and 12?
3
Let w(h) = 323*h + 2630. Let p be w(-5). Calculate the highest common factor of 1189 and p.
29
Let y = -31 - -29. Let j be -2 - (-67)/y*-4. Suppose -4*u = 2*m - 24, 0 = -3*m - m + 5*u + 48. Calculate the greatest common factor of m and j.
12
Let h be ((-380)/(-15))/(10/45). Let d be (-150)/(-4 + 1) - 3. Let w = h + d. What is the greatest common factor of 23 and w?
23
Let c be 74/14 + (-160)/560. Suppose -2*t - 3*r = -18 + 6, -49 = -5*t + 2*r. Calculate the greatest common factor of c and t.
1
Let z(j) = 159*j - 2125. Let a be z(15). Let i(o) = 6*o**2 - o + 4. Let v be i(-4). Calculate the highest common factor of v and a.
52
Let u = -12834 + 12882. Calculate the highest common divisor of 1182 and u.
6
Let k(t) = -15*t**3 + 3*t**2 - t - 3. Let h be k(-2). Let g = h - 108. Calculate the greatest common factor of g and 23.
23
Let i be (-6*1)/((756/(-768))/21). Calculate the highest common divisor of 1024 and i.
128
Let r = -35 + 20. Let a be 2 + (r/(-5))/3. Suppose 0 = -4*o + 3*o + 24. Calculate the highest common divisor of a and o.
3
Let h(c) = 4*c**2 - 26*c + 4*c**2 + 20 - 2*c**2. Let v be h(-6). Calculate the highest common factor of v and 147.
49
Let c(a) = -a**3 + 19*a**2 + 73*a - 137. Let i be c(19). Calculate the highest common factor of 40 and i.
10
Suppose 11*m - 10*m = 3*q - 1400, 0 = -q + 3*m + 456. Let w = q - 221. What is the highest common factor of w and 26?
13
Let o(h) = -11*h + 106. Let z be o(7). Suppose 156 = 32*x - z*x. Calculate the highest common factor of 104 and x.
52
Let y(a) = -2*a**3 - 4*a**2 - 4. Let o be y(-3). Suppose -3*g = -10*g + o. Suppose 20 = 4*u - g*u. What is the greatest common divisor of 80 and u?
10
Let s = -6 + 8. Suppose -2*i + 8 = s*i. Let h = 10 + 0. What is the greatest common factor of h and i?
2
Let t = -32623 - -32656. Suppose 0 = -4*j + 38 - 2. Calculate the greatest common divisor of t and j.
3
Let c = -16125 - -16701. What is the greatest common divisor of c and 63?
9
Suppose 0*c - 121 = -p + 5*c, 2*p + c = 275. Suppose 33*z - p + 37 = 0. Let j be (6/4)/(3/6). Calculate the greatest common divisor of j and z.
3
Let k(m) = 14*m + 134. Let i be k(-12). Let o(v) = 2*v + 96. Let g be o(i). Calculate the greatest common factor of 210 and g.
14
Let l(h) = 88*h**3 - 3*h**2 + 11*h - 10. Suppose 27 = -14*a + 41. Let u be l(a). Calculate the highest common divisor of u and 86.
86
Suppose 0 = 3*q - 30 - 114. Let u = q + -32. Let d be 2/(2/(1 + 1)). Calculate the highest common divisor of d and u.
2
Suppose -5*o - 213*r + 319 = -212*r, r + 71 = o. Let c(i) = i**3 + 19*i**2 + 14*i + 5. Let g be c(-12). Calculate the highest common factor of o and g.
65
Let c be (-8416)/(-28) + (-2)/(-28)*2*3. Calculate the greatest common factor of 688 and c.
43
Suppose -4*p + 16 = -0*p. Suppose -13*n + 126 = -p. What is the highest common factor of 80 and n?
10
Let d be 12/2 + (-1 - 0). Let w = 402 - 402. Let r be (w - -35)/d - 3. What is the highest common divisor of 6 and r?
2
Let y be -3*(5 - (-21928)/(-24)). What is the greatest common divisor of 232 and y?
58
Let m(p) = 80*p**2 + 12*p + 54. Let u be m(-4). Suppose 12*g = u + 2542. What is the greatest common factor of g and 33?
11
Let b = -218652 + 218706. Suppose 2*h = -0*h + 36. What is the highest common factor of h and b?
18
Let u(w) = 4*w**3 + 3*w**2 - 16*w + 4. Suppose -13*j + 78 = 13*j. Let k be u(j). Calculate the highest common divisor of 7 and k.
7
Let m = -73 + 81. Let g be 2/m - (-5)/((-80)/(-636)). Calculate the greatest common divisor of g and 16.
8
Suppose -16*n + 48 = -16. Let c be (-1)/((4/(-33))/n). Calculate the greatest common factor of 231 and c.
33
Let l = 2 - -1. Suppose 55 = 2*r + l*r. Let s = 18 + 26. Calculate the greatest common factor of s and r.
11
Let m be (-1)/((-18)/4 - -4) - -3. Suppose -1 - 24 = m*b, -612 = -4*q + 4*b. Calculate the highest common factor of q and 4.
4
Let c(q) = q**3 + 8*q**2 - 45*q - 69. Let b be c(-11). Calculate the highest common factor of 9660 and b.
21
Let r(w) = -70*w - 526. Let g be r(-9). Calculate the greatest common factor of g and 3172.
52
Let p(m) = -2*m + 86. Let v be p(41). Suppose 0 = n + 17 - 18, v*r - n - 215 = 0. Suppose -2*c + 31 + 5 = 0. Calculate the greatest common divisor of c and r.
18
Let f be (6/8)/(2/(-8)). Let k be 7*(3 - (-6)/f). Let g = -22204 - -22232. What is the greatest common factor of g and k?
7
Let b(f) = 14 + 328*f - 111*f - 105*f - 109*f. Let t be b(21). What is the greatest common factor of t and 847?
77
Let n be (-115)/(-2) + 3/(-6) + -1. Let t = -52 + n. Suppose 5*f + 5*y = 30, 4*f - 5*y + t = 46. Calculate the highest common factor of 8 and f.
8
Let t(k) = 10*k + 6. Let x be t(5). Suppose -b - 168 = -3*b. What is the highest common divisor of x and b?
28
Let m(u) be the third derivative of u**4/24 + 4*u**3 - u**2 - 35. Let q = 2 + -2. Let x be m(q). What is the greatest common divisor of 6 and x?
6
Let f be (-6)/1*17/(-34). Suppose -2*b + 6*b - 61 = -f*k, -5*k + 55 = -5*b. Let m be 11/22 - 298/(-4). Calculate the highest common divisor of m and k.
15
Suppose -4*a + 3291 = x, 0 = -302*a + 305*a + 9. Calculate the highest common factor of x and 9.
9
Suppose -3*o + 3 + 1 = -5*c, 3*c + 9 = 4*o. Suppose -4*q + 23 = -c. Suppose -2*p = -q*p + 40. What is the highest common factor of p and 25?
5
Suppose 270 + 1710 = -15*g. Let o = g - -140. Suppose -10*y = -o*y - 74. Calculate the greatest common divisor of 407 and y.
37
Suppose -6*h - 3*h = -117. Let u(o) = -5*o + 8. Suppose 3*d - 3 = n + 4, 0 = 5*n + 4*d - 3. Let k be u(n). Calculate the highest common factor of k and h.
13
Let z = 2886 - 2883. What is the greatest common divisor of 600 and z?
3
Let i be 0/(1/2*-10 + 3). Suppose 5*v - 417 - 563 = i. What is the highest common divisor of v and 28?
28
Let m be (-6)/(-20)*(-260)/104 + (-2973)/(-12). What is the highest common divisor of 133 and m?
19
Let l = -4290 - -4472. What is the highest common divisor of l and 119?
7
Let y be (-20)/(-15)*15/10. Suppose 2*l + 16 = 2*o, -3*l = -y*l - 2. Let h be 10*5/o + -3. What is the greatest common factor of 4 and h?
2
Let p(t) = 11*t**3 - t**2 + 